e the prime factors of 131/(-20)*-202 - (-3)/(-30)?
3, 7
Suppose -5660 = -14*w + 1186. List the prime factors of w.
3, 163
Suppose 0 = -l + 2*s + 917, 3*s = -4*l + 6*l - 1832. What are the prime factors of l?
11, 83
Suppose -5*z = -10*z + 25. Suppose 3*a + 2*a + 5*p = 30, 14 = z*a - 3*p. Suppose -57 = -a*j + j. List the prime factors of j.
19
Let a be 23 - (3 + (-4 - -3)). What are the prime factors of (-5 - -7)*a/6?
7
Suppose 200 = -2*z - 2*z. Let f = -7 - 9. Let j = f - z. List the prime factors of j.
2, 17
Let f(d) be the first derivative of d**4/4 + 4*d**3 + 9*d**2/2 + 11*d + 26. What are the prime factors of f(-10)?
11
Let w = 5884 - 2362. List the prime factors of w.
2, 3, 587
Let a be 2/4*(-8 - -8). Let s(v) = -2*v + 20. Let g(k) = -k - 1. Let j(c) = -3*g(c) + s(c). List the prime factors of j(a).
23
Let c = 0 + 20. Let p = 21 + c. Suppose 0*o = -2*o - z + p, -o + 7 = 5*z. What are the prime factors of o?
2, 11
Let y(g) = 2*g**2 + 3*g + 5. Let d be (-168)/16*(-4)/(-6). Let k be y(d). Suppose 4*h = 26 + k. What are the prime factors of h?
3
Suppose 0*g - 1792 = -4*g. List the prime factors of g.
2, 7
Suppose -3*m + 19 = 205. Let v = 91 + m. Suppose 4*d + v = 3*u, -3*d + 6*d = -2*u + 42. What are the prime factors of u?
3, 5
Suppose 0 = -s - 0*s + 2. Let g(h) = 5 + 6 - 3 + h - s. What are the prime factors of g(6)?
2, 3
What are the prime factors of 7827/(24/6 - 1)?
2609
Suppose -12*z + 5*z + 2499 = 0. What are the prime factors of z?
3, 7, 17
Suppose -42656 = 44*c - 75*c. What are the prime factors of c?
2, 43
Let h(l) be the first derivative of -13*l**2/2 - 2*l + 8. What are the prime factors of h(-3)?
37
Let o = 13 + -6. Let d = -10 + o. List the prime factors of (38/d - 0)*-3.
2, 19
Let w be 5 + -2 - 4 - -4. What are the prime factors of 1 + 150 + 12/(-3) + w?
2, 3, 5
Let p(m) = 5*m**2 + 5*m - 1. Let n be p(10). Suppose 0 = 3*l + 3*f - 375, 5*l - f - 82 = n. List the prime factors of l.
2, 3, 7
Let x(s) = -2*s**2 + 19*s - 6. Let l be x(9). Suppose l*n + 0*n + 2*p - 578 = 0, -2*n = 3*p - 377. List the prime factors of n.
2, 7
Suppose -2*x - 3*y - 94 = 0, 0*x + 5*y = 4*x + 188. Let i = -2 - x. List the prime factors of i + (8/(-2) - -8).
7
Let l = 4608 + -737. What are the prime factors of l?
7, 79
Let w(z) be the second derivative of z**4/12 + z**3/6 - 13*z. Let i(v) = -v**3 - 6*v**2 + v + 1. Let k be i(-6). What are the prime factors of w(k)?
2, 5
Let v(o) = -2*o - 30. Let h(s) = -2*s - 31. Let g = 0 - 4. Let z(m) = g*v(m) + 3*h(m). What are the prime factors of z(0)?
3
Let i(y) be the second derivative of y**3/3 + 4*y**2 - 3*y. Let h = -19 + 16. List the prime factors of i(h).
2
Suppose -2*l - 4*y + 101 - 23 = 0, 5*l = -3*y + 230. Let j = l - 26. What are the prime factors of j?
23
Let a = -214 + 799. What are the prime factors of a?
3, 5, 13
Let p(n) = 5*n**2 + 22*n - 5. Let z(c) = 4*c**2 + 21*c - 5. Let a(m) = 3*p(m) - 2*z(m). What are the prime factors of a(-8)?
251
Suppose 2*l - 134 = 5*z, 5*l + 5*z - 151 = 2*l. Suppose 2*q = l + 319. What are the prime factors of q?
2, 47
Let h(v) = 65*v - 41. What are the prime factors of h(7)?
2, 3, 23
Suppose -3*i + 9 = -3*k - k, -2*i = k + 16. What are the prime factors of (((-57)/k)/((-2)/8))/(-2)?
19
Suppose a + 33 = -2*a. Let n = 15 - a. What are the prime factors of n?
2, 13
Let w be 9/2*4/3. Suppose 11*z - 8 = 25. Suppose z*m = h - 6, h - w*m = -m - 2. What are the prime factors of h?
2, 3
Let u = 21 + -18. Suppose 7*q = 4*q, -3*s = q - u. Let b(f) = 40*f**2 + 2*f - 1. List the prime factors of b(s).
41
Suppose -5*w = 93 - 28. Let r = 32 - 53. Let z = w - r. What are the prime factors of z?
2
Suppose -14 = 4*s - 94. Suppose 18 + s = 2*n. Suppose -3*y + 3*l = -0*l + 9, 2*y - n = -3*l. What are the prime factors of y?
2
Let a = -2 - 8. Let v = a + 20. What are the prime factors of v?
2, 5
Let j(y) be the second derivative of 2*y**3/3 - 5*y**2 + 5*y. Let u(v) = -v**3 + 5*v**2 + 6*v + 8. Let h be u(6). List the prime factors of j(h).
2, 11
Let x(l) = -l**2 + 30*l + 19. List the prime factors of x(29).
2, 3
Let a(u) = -5*u**3 + u**2 + 23*u - 28. What are the prime factors of a(-8)?
2, 3, 67
Let z = 10 + -7. Let r(t) = -2*t + 4. Let v be r(z). List the prime factors of v - (-2 + (-68)/4).
17
Let g be 1/(2 + 0)*4*19. Suppose g = 2*j - 5*h - 85, 0 = -5*j + 4*h + 282. List the prime factors of j.
2, 3
Let n be (1574/(-6))/((-26)/78). Suppose -m + 5*r - 990 = -6*m, -5*r + n = 4*m. What are the prime factors of m?
7, 29
Suppose 0 = -f + 1, 3*f = -4*i + 3 - 0. Suppose -u + i + 2 = 0. Suppose -56 = u*v - 6*v. What are the prime factors of v?
2, 7
Let j be (-15561)/35 - 4/10. Let q = j + 115. List the prime factors of 3/9 - q/9.
37
Let w(t) = -t + 10. Let o be w(6). Let j(c) = c**3 + 2*c**2 - 2*c. Let s be j(3). Suppose -41 = -o*r + s. List the prime factors of r.
2, 5
List the prime factors of (-1)/((-1)/(-4)) - -639.
5, 127
Let n = 6 + -3. Suppose 0 = -3*i - 2*d + 20, -n*i - 3*d + 2*d = -16. What are the prime factors of i?
2
Suppose 3*s = 3, -4*y - 2*s + 6 = -4*s. Suppose y*i - 91 = -5*i. What are the prime factors of i?
13
Suppose -w + 2 = q + 4, 3*w + 2*q + 8 = 0. List the prime factors of 6910/90 + w/(-18).
7, 11
Suppose -4*z + 15 = 55. Let i(d) = -d**3 - 8*d**2 + 11*d - 8. List the prime factors of i(z).
2, 41
Let q = -214 - -394. Let x = 50 + -45. Suppose -x*v = 50 - q. What are the prime factors of v?
2, 13
Let n(h) = -h**2 + 18*h + 23. Let y be (-50)/(-18) + -3 - (-276)/27. What are the prime factors of n(y)?
103
Suppose -2086 - 5597 = -13*d. List the prime factors of d.
3, 197
Suppose 0 = a + 2*a - 18. Let d be ((-4)/a)/((-10)/45). Suppose 0 = d*u + 1 - 7. List the prime factors of u.
2
Suppose -4*a - 543 = -2443. List the prime factors of a.
5, 19
Suppose 3*v - 9411 = -2*n, -6*v + 3*n = -v - 15685. What are the prime factors of v?
3137
List the prime factors of ((-2260)/8)/((-1)/2).
5, 113
Let w(a) = 4*a + 3. Let u(j) = j. Let p(c) = -2*u(c) + w(c). Suppose 7 = -5*d + 47. List the prime factors of p(d).
19
Suppose -5*r + 8 + 1081 = -2*q, -9 = -3*q. What are the prime factors of r?
3, 73
Let s = 1200 + -553. List the prime factors of s.
647
What are the prime factors of -14 + 643 + (6 - 13)?
2, 311
Let f(h) = h**3 - 13*h**2 + 16*h + 28. What are the prime factors of f(13)?
2, 59
Let u = 18 + 40. Let w = u - 20. List the prime factors of w.
2, 19
Suppose -2*x - 5*o = -2502 - 15, -1242 = -x + 3*o. What are the prime factors of x?
3, 139
Let w = 27 - 25. Let l be 112/(-32)*w/(-1). Let y(v) = v**3 - 5*v**2 - 7*v. What are the prime factors of y(l)?
7
Let g = -113 + 339. Let i = -112 + g. What are the prime factors of i?
2, 3, 19
Let j = -31 + 35. What are the prime factors of (-3)/((-532)/(-136) - j)?
2, 17
What are the prime factors of (234/(-4))/((-56)/672)?
2, 3, 13
Suppose 224 = 2*s - 6*s. Let p be 3*1/(6/186). Let t = s + p. What are the prime factors of t?
37
Let z(k) = 39*k**3 + 5*k**2 - 3*k - 7. What are the prime factors of z(3)?
2, 541
Let x be 14/(-4)*(-2 - (-12)/14). Suppose 0 = x*j - 521 - 211. List the prime factors of j.
3, 61
Let t be (4 - 3)/1*2. Let r be -1 + 2 + 6/t. List the prime factors of ((-3)/r)/((-48)/256).
2
Let s = 4925 + -2047. List the prime factors of s.
2, 1439
Suppose -2*w - 45 = -51, 2*i = -3*w + 5799. What are the prime factors of i?
3, 5, 193
Suppose 4*j + 3*s - 8*s = 0, 5*j - 45 = -5*s. Suppose -40 = -j*t - 5. Suppose 36 = t*y - 3*y. What are the prime factors of y?
3
Let w = 595 - -251. What are the prime factors of w?
2, 3, 47
Let v(z) = 32*z**2 - 2*z + 8. Let t be v(-4). Suppose 8*j - 12*j = -t. List the prime factors of j.
2, 3, 11
Suppose 0 = 8*h - 3*h - 205. Suppose -4*g + i - h = 0, 0*g = -2*g + 3*i - 33. What are the prime factors of (110/(-6))/(g/27)?
5, 11
Suppose 11115 = 890*n - 885*n. List the prime factors of n.
3, 13, 19
Let a = 45 + -17. Suppose -a*t = -29*t + 57. What are the prime factors of t?
3, 19
Let n(t) = -t**2 - 3*t - 9. Let w be n(-6). Let a = 9 + w. What are the prime factors of a/(-4)*(10 + -6)?
2, 3
Suppose 18*t - 10340 = 1324. List the prime factors of t.
2, 3
Let b(t) = -20*t - 45. Suppose 19*u + 75 = 14*u. What are the prime factors of b(u)?
3, 5, 17
List the prime factors of (2/3)/(46/25599).
7, 53
Suppose 2*f = 5*x + 44